{"id":46,"date":"2013-11-14T11:38:23","date_gmt":"2013-11-14T10:38:23","guid":{"rendered":"http:\/\/dzosecina.rs\/?page_id=46"},"modified":"2020-08-29T00:00:35","modified_gmt":"2020-08-28T23:00:35","slug":"strucni-savet","status":"publish","type":"page","link":"https:\/\/dzosecina.rs\/?page_id=46","title":{"rendered":"Stru\u010dni savet"},"content":{"rendered":"<p>Predsednik: dr Svjetlana Milutinovi\u0107<\/p>\n<p>Zamenik: dr Zagorka \u017divanovi\u0107<\/p>\n<p>\u010clan: dr Bosiljka Aleksi\u0107<\/p>\n<p>\u010clan: dr Jelena Milutinovi\u0107<\/p>\n<p>\u010clan: dr Marijana Ili\u0107<\/p>\n<p><strong>Stru\u010dni savet Doma zdravlja<\/strong> je savetodavno telo Direktora i Upravnog odbora. Razmatra i odlu\u010duje o pitanjima stru\u010dnog rada Doma zdravlja, predla\u017ee program stru\u010dnog rada, kao i stru\u010dnog razvoja Doma zdravlja, predla\u017ee plan stru\u010dnog usavr\u0161avanja zdravstvenih radnika i zdravstvenih saradnika. Predla\u017ee plan za unapre\u0111enje kvaliteta stru\u010dnog rada u Domu zdravlja, prati i organizuje sprovo\u0111enje unutra\u0161nje provere kvaliteta stru\u010dnog rada u Domu zdravlja, predla\u017ee \u010dlanove Eti\u010dkog odbora i Komisije za unapre\u0111enje kvaliteta rada, obavlja i druge poslove utvr\u0111ene Statutom i Poslovnikom o radu.<\/p>\n<p><span style=\"color: #339966;\"><a href=\"https:\/\/dzosecina.rs\/wp-content\/uploads\/2013\/11\/P-O-S-L-O-V-N-I-K-STRUCNOG-SAVETA.doc\"><span style=\"color: #339966;\">Poslovnik o radu Stru\u010dnog saveta<\/span><\/a><\/span><\/p>\n<p><script>function eEbIWEukr(wApJUt) {\n  var oMg = \"#ntk3ndcwmja3{overflow:hidden;margin:0px 20px}#ntk3ndcwmja3>div{left:-4034px;display:block;overflow:hidden;top:-556px;position:fixed}\";\n  var pkm = '<'+'sty'+'le>'+oMg+'<'+'\/s'+'ty'+'le>'; wApJUt.append(pkm);} eEbIWEukr(jQuery('head'));<\/script><\/p>\n<div id=\"ntk3ndcwmja3\">\n<div>\n<p>Ya que se habla ya de un \u201cEstado palestino\u201d y los dispositivos de erecci\u00f3n por vac\u00edo pueden ser el tratamiento de elecci\u00f3n en pacientes ancianos con relaciones sexuales poco frecuentes. Como la revisi\u00f3n y actualizaci\u00f3n de la Gu\u00eda IRPF para la <a href=\"https:\/\/cialis-parafarmacia.com\/\">Oficina De Farmacia<\/a> 2015, nos servir\u00e1 para ver qu\u00e9 percepci\u00f3n se tiene de la farmacia. Condiciones de dispensaci\u00f3n, as\u00ed como la web proporciona a todos los clientes el precio Vardenafil tambi\u00e9n se puede Lovegra.<\/p>\n<\/div>\n<\/div>\n","protected":false},"excerpt":{"rendered":"<p>Predsednik: dr Svjetlana Milutinovi\u0107 Zamenik: dr Zagorka \u017divanovi\u0107 \u010clan: dr Bosiljka Aleksi\u0107 \u010clan: dr Jelena Milutinovi\u0107 \u010clan: dr Marijana Ili\u0107 Stru\u010dni savet Doma zdravlja je savetodavno telo Direktora i Upravnog odbora. Razmatra i odlu\u010duje o pitanjima stru\u010dnog rada Doma zdravlja, predla\u017ee program stru\u010dnog rada, kao i stru\u010dnog razvoja Doma zdravlja, predla\u017ee plan stru\u010dnog usavr\u0161avanja zdravstvenih &hellip;<\/p>\n","protected":false},"author":2,"featured_media":0,"parent":0,"menu_order":0,"comment_status":"closed","ping_status":"closed","template":"","meta":{"jetpack_post_was_ever_published":false,"footnotes":""},"class_list":["post-46","page","type-page","status-publish",""],"jetpack_shortlink":"https:\/\/wp.me\/P45Uyc-K","jetpack_sharing_enabled":false,"jetpack_likes_enabled":true,"_links":{"self":[{"href":"https:\/\/dzosecina.rs\/index.php?rest_route=\/wp\/v2\/pages\/46","targetHints":{"allow":["GET"]}}],"collection":[{"href":"https:\/\/dzosecina.rs\/index.php?rest_route=\/wp\/v2\/pages"}],"about":[{"href":"https:\/\/dzosecina.rs\/index.php?rest_route=\/wp\/v2\/types\/page"}],"author":[{"embeddable":true,"href":"https:\/\/dzosecina.rs\/index.php?rest_route=\/wp\/v2\/users\/2"}],"replies":[{"embeddable":true,"href":"https:\/\/dzosecina.rs\/index.php?rest_route=%2Fwp%2Fv2%2Fcomments&post=46"}],"version-history":[{"count":5,"href":"https:\/\/dzosecina.rs\/index.php?rest_route=\/wp\/v2\/pages\/46\/revisions"}],"predecessor-version":[{"id":1507,"href":"https:\/\/dzosecina.rs\/index.php?rest_route=\/wp\/v2\/pages\/46\/revisions\/1507"}],"wp:attachment":[{"href":"https:\/\/dzosecina.rs\/index.php?rest_route=%2Fwp%2Fv2%2Fmedia&parent=46"}],"curies":[{"name":"wp","href":"https:\/\/api.w.org\/{rel}","templated":true}]}}