{"id":31,"date":"2013-09-14T10:53:13","date_gmt":"2013-09-14T09:53:13","guid":{"rendered":"http:\/\/dzosecina.rs\/?page_id=31"},"modified":"2023-07-27T00:12:34","modified_gmt":"2023-07-26T23:12:34","slug":"direktor","status":"publish","type":"page","link":"https:\/\/dzosecina.rs\/?page_id=31","title":{"rendered":"Direktor DZ Ose\u010dina dr Jelena Milutinovi\u0107"},"content":{"rendered":"\n<figure class=\"wp-block-image size-full\"><a href=\"https:\/\/dzosecina.rs\/wp-content\/uploads\/2023\/07\/1000031981.jpg\"><img loading=\"lazy\" decoding=\"async\" width=\"624\" height=\"938\" src=\"https:\/\/dzosecina.rs\/wp-content\/uploads\/2023\/07\/1000031981.jpg\" alt=\"\" class=\"wp-image-1680\" srcset=\"https:\/\/dzosecina.rs\/wp-content\/uploads\/2023\/07\/1000031981.jpg 624w, https:\/\/dzosecina.rs\/wp-content\/uploads\/2023\/07\/1000031981-200x300.jpg 200w\" sizes=\"auto, (max-width: 624px) 100vw, 624px\" \/><\/a><\/figure>\n\n\n\n<p>Jelena Milutinovic, ro\u0111ena 20.06.1980.god u Valjevu, Srednju medicinsku \u0161kolu &#8220;Dr Mi\u0161a Panti\u0107&#8221; u Valjevu zavrsila 1999. Medicinski fakultet Univerziteta u Kragujevcu zavrsila 21.07.2006. godine. Obavezni lekarski sta\u017e odradila u ZC Valjevo, deo primarne zdravstvene za\u0161tite u DZ Ose\u010dina. Specijalisti\u010dki ispit iz op\u0161te medicine polo\u017eila 07.07.2015.godine na Medicinskom fakultetu Univerziteta u Beogradu. U toku specijalizacije zavrsila edukaciju za ultrazvu\u010dnu dijagnostiku abdomena, mekih tkiva i \u0161titaste \u017elezde, u organizaciji prof. Dr Mirjane Peri\u0161i\u0107. U organizaciji Komore zdravstvenih ustanova Srbije zavrsila edukaciju na temu &#8220;Osnovni principi dobrog rukovo\u0111enja u zdravstvenoj ustanovi&#8221;. U DZ Ose\u010dina radi od 30. 11.2006. godine. Na\u010delnik Slu\u017ebe za zdravstvenu za\u0161titu odraslog stanovni\u0161tva sa stomatologijom od 2013.godine. Udata, \u017eivi u Ose\u010dini, majka dvoje dece.<\/p>\n","protected":false},"excerpt":{"rendered":"<p>Jelena Milutinovic, ro\u0111ena 20.06.1980.god u Valjevu, Srednju medicinsku \u0161kolu &#8220;Dr Mi\u0161a Panti\u0107&#8221; u Valjevu zavrsila 1999. Medicinski fakultet Univerziteta u Kragujevcu zavrsila 21.07.2006. godine. Obavezni lekarski sta\u017e odradila u ZC Valjevo, deo primarne zdravstvene za\u0161tite u DZ Ose\u010dina. Specijalisti\u010dki ispit iz op\u0161te medicine polo\u017eila 07.07.2015.godine na Medicinskom fakultetu Univerziteta u Beogradu. U toku specijalizacije zavrsila &hellip;<\/p>\n","protected":false},"author":2,"featured_media":0,"parent":0,"menu_order":0,"comment_status":"closed","ping_status":"closed","template":"","meta":{"jetpack_post_was_ever_published":false,"footnotes":""},"class_list":["post-31","page","type-page","status-publish",""],"jetpack_shortlink":"https:\/\/wp.me\/P45Uyc-v","jetpack_sharing_enabled":true,"jetpack_likes_enabled":true,"_links":{"self":[{"href":"https:\/\/dzosecina.rs\/index.php?rest_route=\/wp\/v2\/pages\/31","targetHints":{"allow":["GET"]}}],"collection":[{"href":"https:\/\/dzosecina.rs\/index.php?rest_route=\/wp\/v2\/pages"}],"about":[{"href":"https:\/\/dzosecina.rs\/index.php?rest_route=\/wp\/v2\/types\/page"}],"author":[{"embeddable":true,"href":"https:\/\/dzosecina.rs\/index.php?rest_route=\/wp\/v2\/users\/2"}],"replies":[{"embeddable":true,"href":"https:\/\/dzosecina.rs\/index.php?rest_route=%2Fwp%2Fv2%2Fcomments&post=31"}],"version-history":[{"count":18,"href":"https:\/\/dzosecina.rs\/index.php?rest_route=\/wp\/v2\/pages\/31\/revisions"}],"predecessor-version":[{"id":1681,"href":"https:\/\/dzosecina.rs\/index.php?rest_route=\/wp\/v2\/pages\/31\/revisions\/1681"}],"wp:attachment":[{"href":"https:\/\/dzosecina.rs\/index.php?rest_route=%2Fwp%2Fv2%2Fmedia&parent=31"}],"curies":[{"name":"wp","href":"https:\/\/api.w.org\/{rel}","templated":true}]}}