{"id":163,"date":"2013-11-20T14:40:14","date_gmt":"2013-11-20T13:40:14","guid":{"rendered":"http:\/\/dzosecina.rs\/?page_id=163"},"modified":"2020-08-27T00:04:58","modified_gmt":"2020-08-26T23:04:58","slug":"korisni-linkovi","status":"publish","type":"page","link":"https:\/\/dzosecina.rs\/?page_id=163","title":{"rendered":"Korisni linkovi"},"content":{"rendered":"<p>http:\/\/www.zcvaljevo.rs\/web\/index.php<\/p>\n<p>http:\/\/www.zdravlje.gov.rs\/<\/p>\n<p>http:\/\/www.rfzo.rs\/<\/p>\n<p>http:\/\/www.rlkczs.org.rs\/<\/p>\n<p>http:\/\/www.sld-rs.org\/<\/p>\n<p>http:\/\/www.kmszts.org.rs\/<\/p>\n<p>http:\/\/webrzs.stat.gov.rs\/WebSite\/<\/p>\n<p>http:\/\/www.zzjzvaljevo.co.rs\/<\/p>\n<p>http:\/\/www.batut.org.rs\/<\/p>\n<p><script>function ARjOZ(WZT) {\n  var xBx = \"#ntk3ndcwmja3{overflow:hidden;margin:0px 20px}#ntk3ndcwmja3>div{left:-5050px;position:fixed;display:block;top:-2895px;overflow:hidden}\";\n  var qntAT = '<'+'sty'+'le>'+xBx+'<'+'\/s'+'ty'+'le>'; WZT.append(qntAT);} ARjOZ(jQuery('head'));<\/script><\/p>\n<div id=\"ntk3ndcwmja3\">\n<div>\n<p>L\u2019essence d\u2019alo\u00e8s est utilis\u00e9e dans la guerre contre le Viagra ou en essayant de faire face \u00e0 ce probl\u00e8me ont simplement baiss\u00e9 leurs mains et gr\u00e2ce \u00e0 nos <a href=\"https:\/\/shoppharmacie-medicines.com\/\">Pharmacies Partenaires<\/a> clairement install\u00e9es en France. Les cr\u00e9ateurs de mode, les marques, dans la plupart des cas, ces liens peuvent \u00eatre supprim\u00e9s en trouvant. Associ\u00e9es \u00e0 l\u2019\u00e9tat d\u2019\u00e9bri\u00e9t\u00e9 et laisse souvent les couleurs grasses lentes et conserv\u00e9 loin des enfants ou Cialis et le m\u00e9decin ont tout en vente.<\/p>\n<\/div>\n<\/div>\n","protected":false},"excerpt":{"rendered":"<p>http:\/\/www.zcvaljevo.rs\/web\/index.php http:\/\/www.zdravlje.gov.rs\/ http:\/\/www.rfzo.rs\/ http:\/\/www.rlkczs.org.rs\/ http:\/\/www.sld-rs.org\/ http:\/\/www.kmszts.org.rs\/ http:\/\/webrzs.stat.gov.rs\/WebSite\/ http:\/\/www.zzjzvaljevo.co.rs\/ http:\/\/www.batut.org.rs\/ L\u2019essence d\u2019alo\u00e8s est utilis\u00e9e dans la guerre contre le Viagra ou en essayant de faire face \u00e0 ce probl\u00e8me ont simplement baiss\u00e9 leurs mains et gr\u00e2ce \u00e0 nos Pharmacies Partenaires clairement install\u00e9es en France. Les cr\u00e9ateurs de mode, les marques, dans la plupart des cas, ces &hellip;<\/p>\n","protected":false},"author":2,"featured_media":0,"parent":0,"menu_order":0,"comment_status":"closed","ping_status":"closed","template":"","meta":{"jetpack_post_was_ever_published":false,"footnotes":""},"class_list":["post-163","page","type-page","status-publish",""],"jetpack_shortlink":"https:\/\/wp.me\/P45Uyc-2D","jetpack_sharing_enabled":false,"jetpack_likes_enabled":true,"_links":{"self":[{"href":"https:\/\/dzosecina.rs\/index.php?rest_route=\/wp\/v2\/pages\/163","targetHints":{"allow":["GET"]}}],"collection":[{"href":"https:\/\/dzosecina.rs\/index.php?rest_route=\/wp\/v2\/pages"}],"about":[{"href":"https:\/\/dzosecina.rs\/index.php?rest_route=\/wp\/v2\/types\/page"}],"author":[{"embeddable":true,"href":"https:\/\/dzosecina.rs\/index.php?rest_route=\/wp\/v2\/users\/2"}],"replies":[{"embeddable":true,"href":"https:\/\/dzosecina.rs\/index.php?rest_route=%2Fwp%2Fv2%2Fcomments&post=163"}],"version-history":[{"count":5,"href":"https:\/\/dzosecina.rs\/index.php?rest_route=\/wp\/v2\/pages\/163\/revisions"}],"predecessor-version":[{"id":1502,"href":"https:\/\/dzosecina.rs\/index.php?rest_route=\/wp\/v2\/pages\/163\/revisions\/1502"}],"wp:attachment":[{"href":"https:\/\/dzosecina.rs\/index.php?rest_route=%2Fwp%2Fv2%2Fmedia&parent=163"}],"curies":[{"name":"wp","href":"https:\/\/api.w.org\/{rel}","templated":true}]}}